alse
Is 790156163 a composite number?
False
Is 237071399 a composite number?
False
Is 5812831 prime?
False
Is 77532791 a composite number?
True
Is 1052823 composite?
True
Is 4574963 a prime number?
True
Is 36898151 prime?
True
Is 12717977 prime?
False
Is 27455413 a composite number?
False
Is 221557033 prime?
True
Is 4285313 composite?
False
Is 189477439 composite?
True
Is 5548297 prime?
True
Is 66423871 a composite number?
False
Is 6896707 prime?
True
Is 17586883 composite?
True
Is 12126791 a prime number?
True
Is 136050437 a composite number?
False
Is 50465383 a prime number?
False
Is 32786801 prime?
True
Is 1336307 a prime number?
False
Is 10313987 a composite number?
False
Is 469606289 a composite number?
False
Is 134429 prime?
False
Is 492379 composite?
True
Is 3464291 prime?
True
Is 28149941 a composite number?
False
Is 248185759 composite?
True
Is 901691 a prime number?
False
Is 11938499 a composite number?
False
Is 656023 a composite number?
False
Is 46168327 a prime number?
True
Is 12860711 a composite number?
False
Is 1361161 composite?
True
Is 153545563 prime?
True
Is 660235 composite?
True
Is 828932569 prime?
False
Is 33122333 prime?
False
Is 5403621 composite?
True
Is 2936159 a composite number?
False
Is 1225473 prime?
False
Is 400986237 prime?
False
Is 257367647 composite?
False
Is 8919187 a composite number?
False
Is 1237363 composite?
False
Is 483220337 composite?
True
Is 5804107 prime?
False
Is 4968499 prime?
True
Is 39989189 a prime number?
False
Is 1380534769 composite?
False
Is 14518351 composite?
False
Is 61211 a prime number?
True
Is 387877669 prime?
True
Is 7155247 a prime number?
False
Is 5380989 a prime number?
False
Is 358687723 composite?
False
Is 723661 prime?
True
Is 889997 a composite number?
False
Is 9257077 a composite number?
True
Is 20212499 composite?
False
Is 318194589 a prime number?
False
Is 502821093 composite?
True
Is 21175751 a prime number?
True
Is 863179 prime?
True
Is 102871991 prime?
True
Is 904721 a composite number?
False
Is 2283269 prime?
False
Is 179271329 a prime number?
True
Is 9913129 a composite number?
False
Is 548043 composite?
True
Is 57763295 a prime number?
False
Is 412446421 prime?
False
Is 4296821 composite?
False
Is 227561 prime?
True
Is 57132463 composite?
True
Is 4811819 a prime number?
True
Is 451397861 a composite number?
True
Is 96392242 a composite number?
True
Is 670177 composite?
False
Is 908877 a composite number?
True
Is 18355345 composite?
True
Is 1263502 prime?
False
Is 230942989 a composite number?
False
Is 456119 prime?
True
Is 6391499 a prime number?
True
Is 728047 prime?
True
Is 382531229 a composite number?
True
Is 126356645 a prime number?
False
Is 244317691 composite?
True
Is 241459 a prime number?
False
Is 197878609 a composite number?
False
Is 40456901 prime?
True
Is 1475995 prime?
False
Is 9532522 a composite number?
True
Is 187870643 a prime number?
True
Is 4444861 prime?
True
Is 871601 a prime number?
False
Is 400942709 a prime number?
True
Is 7665703 a prime number?
True
Is 38227037 a composite number?
False
Is 3383879 a composite number?
False
Is 939749 prime?
True
Is 24699019 a prime number?
False
Is 46024957 composite?
True
Is 10649351 composite?
True
Is 185628311 a prime number?
False
Is 25542883 prime?
True
Is 687961 a composite number?
False
Is 3190247 a prime number?
True
Is 160837 a composite number?
True
Is 5372581 composite?
True
Is 59004167 a composite number?
False
Is 25047767 prime?
False
Is 3244097 a composite number?
False
Is 3641399 prime?
True
Is 658403 a composite number?
False
Is 79565105 a prime number?
False
Is 18409641 a composite number?
True
Is 5913029 composite?
True
Is 19981649 a composite number?
False
Is 39046741 a prime number?
False
Is 379940129 a prime number?
True
Is 2220697 a composite number?
False
Is 8461119 composite?
True
Is 7280771 composite?
False
Is 5733733 a prime number?
False
Is 123236471 composite?
True
Is 39789433 composite?
False
Is 3185363 a prime number?
True
Is 81341 prime?
False
Is 255240967 composite?
False
Is 16647533 composite?
True
Is 134383367 a composite number?
False
Is 16137071 a prime number?
False
Is 74220581 prime?
True
Is 11795639 composite?
True
Is 3669047 composite?
False
Is 7352693 a prime number?
False
Is 2502663 prime?
False
Is 1715306 a prime number?
False
Is 55041199 composite?
True
Is 48071503 composite?
False
Is 2912051 prime?
True
Is 2822123 composite?
True
Is 67118683 prime?
False
Is 4062913 prime?
False
Is 4101679 a prime number?
True
Is 1212103 a prime number?
True
Is 5779993 a prime number?
True
Is 13686853 composite?
True
Is 2742953 prime?
True
Is 4494821 prime?
False
Is 624419 composite?
False
Is 2147647 a prime number?
False
Is 5900033 a composite number?
True
Is 8272865 a prime number?
False
Is 314341249 a composite number?
True
Is 5643511 composite?
True
Is 32979317 prime?
False
Is 258351463 prime?
False
Is 12495554 composite?
True
Is 7039 a composite number?
False
Is 1003949 prime?
False
Is 30676951 a composite number?
False
Is 17876785 a prime number?
False
Is 83345783 composite?
True
Is 15721253 composite?
True
Is 8725021 a prime number?
True
Is 201385333 a prime number?
True
Is 37666813 composite?
False
Is 9559723 a composite number?
True
Is 2224231 composite?
False
Is 599131223 a composite number?
True
Is 37427 a composite number?
True
Is 4565257 a prime number?
True
Is 74161639 composite?
True
Is 43103 prime?
True
Is 41674579 a prime number?
True
Is 2001917 a prime number?
False
Is 1418009 prime?
True
Is 177341257 a composite number?
False
Is 17854765 composite?
True
Is 69691 a prime number?
True
Is 31819591 composite?
False
Is 241302811 composite?
True
Is 142799 prime?
True
Is 715777 composite?
False
Is 12428422 prime?
False
Is 3853687 a composite number?
False
Is 100956813 a composite number?
True
Is 15897257 prime?
False
Is 91859149 composite?
False
Is 1606054 prime?
False
Is 8764241 a composite number?
True
Is 116844681 a composite number?
True
Is 5289917 a prime number?
False
Is 20977591 composite?
True
Is 14184745 composite?
True
Is 4050019 a prime number?
True
Is 1369483 prime?
True
Is 303005 a composite number?
True
Is 340398151 composite?
True
Is 489760027 prime?
True
Is 11382157 a composite number?
True
Is 2407099 composite?
False
Is 407595913 prime?
True
Is 52360331 composite?
True
Is 907909 prime?
True
Is 522757 a prime number?
True
Is 224064917 prime?
True
Is 37577363 a prime number?
False
Is 11355389 composite?
False
Is 39892813 prime?
False
Is 2252567 a composite number?
False
Is 496123 prime?
True
Is 67511 a prime number?
True
Is 129307903 composite?
False
Is 63901 a composite number?
False
Is 2620581 a prime number?
False
Is 38222201 a composite number?
False
Is 127712083 a prime number?
False
Is 7718653 prime?
True
Is 100082483 a composite number?
True
Is 2905783 prime?
True
Is 267806581 composite?
True
Is 4644547 composite?
True
Is 159728963 a prime number?
False
Is 136567523 composite?
False
Is 5700677 a composite number?
True
Is 654587 composite?
False
Is 30467 composite?
False
Is 18046693 composite?
True
Is 22771591 prime?
True
Is 5592343 a prime number?
True
Is 14713151 prime?
True
Is 59936641 a composite number?
False
Is 42949 prime?
False
Is 376013 a prime number?
False
Is 3692803 prime?
True
Is 860807 composite?
True
Is 101431 prime?
False
Is 26055647 a composite number?
True
Is 1730249 a prime number?
False
Is 31559699 prime?
True
Is 18790067 a prime number?
False
Is 112549433 composite?
True
Is 63936755 composite?
True
Is 2534009 a composite number?
False
Is 351437 composite?
False
Is 4955011 composite?
False
Is 286947853 prime?
True
Is 1738353 prime?
False
Is 633834631 a prime number?
True
Is 182866673 composite?
True
Is 5355043 composite?
True
Is 7681867 a prime number?
True
Is 44366929 prime?
True
Is 46904383 a prime number?
False
Is 2564957 a composite number?
False
Is 45233051 prime?
True
Is 3190909 a composite number?
False
Is 6865319 composite?
False
Is 28175779 composite?
False
Is 2987039 composite?
True
Is 2020513 composite?
True
Is 5602001 a composite number?
False
Is 171367081 a composite number?
False
Is 267060557 prime?
True
Is 1771333 a prime number?
False
Is 141718391 a composite number?
True
Is 3173309 composite?
False
Is 1564